{"id":4229,"date":"2017-09-27T14:35:04","date_gmt":"2017-09-27T14:35:04","guid":{"rendered":"https:\/\/visitatavernes.es\/?page_id=4229"},"modified":"2021-01-28T11:09:07","modified_gmt":"2021-01-28T11:09:07","slug":"english-nest-boxes-for-bats","status":"publish","type":"page","link":"https:\/\/www.visitatavernes.es\/ca\/english-nest-boxes-for-bats\/","title":{"rendered":"CAPSES NIU PER A RATES PENADES"},"content":{"rendered":"<p><span style=\"color: #000000;\"><strong>\u00c0udio sobre les capses niu per a rates penades.<\/strong><\/span><\/p>\n<p><audio src=\"https:\/\/www.visitatavernes.es\/wp-content\/uploads\/2017\/09\/audio-capses-niu-per-a-rates-penades.mp3\" controls=\"controls\"><\/audio><\/p>\n<p>&nbsp;<\/p>\n<h3><span style=\"color: #000000;\"><strong>Descripci\u00f3:<\/strong><\/span><\/h3>\n<p>&nbsp;<\/p>\n<h5 style=\"text-align: justify;\"><span style=\"color: #000000;\">Els refugis artificials per a rates penades instal\u00b7lats en el paratge imiten els espai estrets\u00a0usats per estos quir\u00f2pters en les \u00e8poques c\u00e0lides.\u00a0<\/span><\/h5>\n<p>&nbsp;<\/p>\n<h5 style=\"text-align: justify;\"><span style=\"color: #000000;\"> Estes rates penades menudes, habituals en els ecosistemes de marjal, eixiran dels refugis cada dia a poqueta nit per a ca\u00e7ar al vol milers de insectes com ara arnes o mosquits, fins a ingerir pr\u00e0cticament la meitat del seu pes!\u00a0<\/span><\/h5>\n<p>&nbsp;<\/p>\n<h5 style=\"text-align: justify;\"><span style=\"color: #000000;\"> No hem de patir per la pres\u00e8ncia d\u2019estos mam\u00edfers voladors, perqu\u00e8 s\u00f3n inofensius i no ataquen les persones.<\/span><\/h5>\n<p>&nbsp;<\/p>\n<figure id=\"attachment_4224\" aria-describedby=\"caption-attachment-4224\" style=\"width: 700px\" class=\"wp-caption aligncenter\"><a href=\"https:\/\/www.visitatavernes.es\/wp-content\/uploads\/2017\/09\/murci\u00e9lago3.jpg\"><img fetchpriority=\"high\" decoding=\"async\" class=\"size-large wp-image-4224\" src=\"https:\/\/www.visitatavernes.es\/wp-content\/uploads\/2017\/09\/murci\u00e9lago3-1422x800.jpg\" alt=\"\" width=\"700\" height=\"394\" srcset=\"https:\/\/www.visitatavernes.es\/wp-content\/uploads\/2017\/09\/murci\u00e9lago3-1422x800.jpg 1422w, https:\/\/www.visitatavernes.es\/wp-content\/uploads\/2017\/09\/murci\u00e9lago3-300x169.jpg 300w, https:\/\/www.visitatavernes.es\/wp-content\/uploads\/2017\/09\/murci\u00e9lago3-768x432.jpg 768w, https:\/\/www.visitatavernes.es\/wp-content\/uploads\/2017\/09\/murci\u00e9lago3.jpg 2048w\" sizes=\"(max-width: 700px) 100vw, 700px\" \/><\/a><figcaption id=\"caption-attachment-4224\" class=\"wp-caption-text\"><em><span style=\"color: #000000;\">Capses niu per a rates penades.<\/span><\/em><\/figcaption><\/figure>\n","protected":false},"excerpt":{"rendered":"<p>\u00c0udio sobre les capses niu per a rates penades. &nbsp; Descripci\u00f3: &nbsp; Els refugis artificials per a rates penades instal\u00b7lats en el paratge imiten els espai estrets\u00a0usats per estos quir\u00f2pters en les \u00e8poques c\u00e0lides.\u00a0 &nbsp; Estes rates penades menudes, habituals en els ecosistemes de marjal, eixiran dels refugis cada dia a poqueta nit per a [&hellip;]<\/p>\n","protected":false},"author":1,"featured_media":0,"parent":0,"menu_order":0,"comment_status":"closed","ping_status":"closed","template":"","meta":{"_acf_changed":false,"footnotes":""},"class_list":["post-4229","page","type-page","status-publish","hentry"],"acf":[],"_links":{"self":[{"href":"https:\/\/www.visitatavernes.es\/ca\/wp-json\/wp\/v2\/pages\/4229","targetHints":{"allow":["GET"]}}],"collection":[{"href":"https:\/\/www.visitatavernes.es\/ca\/wp-json\/wp\/v2\/pages"}],"about":[{"href":"https:\/\/www.visitatavernes.es\/ca\/wp-json\/wp\/v2\/types\/page"}],"author":[{"embeddable":true,"href":"https:\/\/www.visitatavernes.es\/ca\/wp-json\/wp\/v2\/users\/1"}],"replies":[{"embeddable":true,"href":"https:\/\/www.visitatavernes.es\/ca\/wp-json\/wp\/v2\/comments?post=4229"}],"version-history":[{"count":5,"href":"https:\/\/www.visitatavernes.es\/ca\/wp-json\/wp\/v2\/pages\/4229\/revisions"}],"predecessor-version":[{"id":4499,"href":"https:\/\/www.visitatavernes.es\/ca\/wp-json\/wp\/v2\/pages\/4229\/revisions\/4499"}],"wp:attachment":[{"href":"https:\/\/www.visitatavernes.es\/ca\/wp-json\/wp\/v2\/media?parent=4229"}],"curies":[{"name":"wp","href":"https:\/\/api.w.org\/{rel}","templated":true}]}}

<p><span style="color: #000000;"><strong>Àudio sobre les capses niu per a rates penades.</strong></span></p>
<p><audio src="https://www.visitatavernes.es/wp-content/uploads/2017/09/audio-capses-niu-per-a-rates-penades.mp3" controls="controls"></audio></p>
<p>&nbsp;</p>
<h3><span style="color: #000000;"><strong>Descripció:</strong></span></h3>
<p>&nbsp;</p>
<h5 style="text-align: justify;"><span style="color: #000000;">Els refugis artificials per a rates penades instal·lats en el paratge imiten els espai estrets usats per estos quiròpters en les èpoques càlides. </span></h5>
<p>&nbsp;</p>
<h5 style="text-align: justify;"><span style="color: #000000;"> Estes rates penades menudes, habituals en els ecosistemes de marjal, eixiran dels refugis cada dia a poqueta nit per a caçar al vol milers de insectes com ara arnes o mosquits, fins a ingerir pràcticament la meitat del seu pes! </span></h5>
<p>&nbsp;</p>
<h5 style="text-align: justify;"><span style="color: #000000;"> No hem de patir per la presència d’estos mamífers voladors, perquè són inofensius i no ataquen les persones.</span></h5>
<p>&nbsp;</p>
<figure id="attachment_4224" aria-describedby="caption-attachment-4224" style="width: 700px" class="wp-caption aligncenter"><a href="https://www.visitatavernes.es/wp-content/uploads/2017/09/murciélago3.jpg"><img fetchpriority="high" decoding="async" class="size-large wp-image-4224" src="https://www.visitatavernes.es/wp-content/uploads/2017/09/murciélago3-1422x800.jpg" alt="" width="700" height="394" srcset="https://www.visitatavernes.es/wp-content/uploads/2017/09/murciélago3-1422x800.jpg 1422w, https://www.visitatavernes.es/wp-content/uploads/2017/09/murciélago3-300x169.jpg 300w, https://www.visitatavernes.es/wp-content/uploads/2017/09/murciélago3-768x432.jpg 768w, https://www.visitatavernes.es/wp-content/uploads/2017/09/murciélago3.jpg 2048w" sizes="(max-width: 700px) 100vw, 700px" /></a><figcaption id="caption-attachment-4224" class="wp-caption-text"><em><span style="color: #000000;">Capses niu per a rates penades.</span></em></figcaption></figure>

<p>Àudio sobre les capses niu per a rates penades. &nbsp; Descripció: &nbsp; Els refugis artificials per a rates penades instal·lats en el paratge imiten els espai estrets usats per estos quiròpters en les èpoques càlides.  &nbsp; Estes rates penades menudes, habituals en els ecosistemes de marjal, eixiran dels refugis cada dia a poqueta nit per a [&hellip;]</p>
