{"id":191,"date":"2016-01-04T17:15:33","date_gmt":"2016-01-04T17:15:33","guid":{"rendered":"https:\/\/visitatavernes.es\/?page_id=191"},"modified":"2021-01-28T11:08:53","modified_gmt":"2021-01-28T11:08:53","slug":"festes-2","status":"publish","type":"page","link":"https:\/\/www.visitatavernes.es\/ca\/festes-2\/","title":{"rendered":"FESTES"},"content":{"rendered":"<h5 style=\"text-align: justify;\"><span style=\"color: #000000;\">Tavernes t\u00e9 festes assenyalades durant tot l&#8217;any. En esta secci\u00f3 trobareu tota la informaci\u00f3 detallada, com ara:<\/span><\/h5>\n<p>&nbsp;<\/p>\n<ul>\n<li style=\"text-align: justify;\">\n<h5><span style=\"color: #000000;\">Gener\/Nadal.<\/span><\/h5>\n<\/li>\n<li style=\"text-align: justify;\">\n<h5><span style=\"color: #000000;\">Gener\/Sant Antoni Abat.<\/span><\/h5>\n<\/li>\n<li style=\"text-align: justify;\">\n<h5><span style=\"color: #000000;\">Mar\u00e7\/Dia de la Valldigna.<\/span><\/h5>\n<\/li>\n<li style=\"text-align: justify;\">\n<h5><span style=\"color: #000000;\">Mar\u00e7\/falles.<\/span><\/h5>\n<\/li>\n<li style=\"text-align: justify;\">\n<h5><span style=\"color: #000000;\">Abril\/Setmana Santa.<\/span><\/h5>\n<\/li>\n<li style=\"text-align: justify;\">\n<h5><span style=\"color: #000000;\">Maig\/1 de maig.<\/span><\/h5>\n<\/li>\n<li style=\"text-align: justify;\">\n<h5><span style=\"color: #000000;\">Juny\/Sant Joan.<\/span><\/h5>\n<\/li>\n<li style=\"text-align: justify;\">\n<h5><span style=\"color: #000000;\">Juliol\/porrat de la Sang.<\/span><\/h5>\n<\/li>\n<li style=\"text-align: justify;\">\n<h5><span style=\"color: #000000;\">Agost\/porrat de Sant Lloren\u00e7.<\/span><\/h5>\n<\/li>\n<li style=\"text-align: justify;\">\n<h5><span style=\"color: #000000;\">Setembre\/festes majors.<\/span><\/h5>\n<\/li>\n<li style=\"text-align: justify;\">\n<h5><span style=\"color: #000000;\">Octubre\/9 d&#8217;octubre.<\/span><\/h5>\n<\/li>\n<li style=\"text-align: justify;\">\n<h5><span style=\"color: #000000;\">Desembre\/Nadal.\u00a0 <\/span><\/h5>\n<\/li>\n<\/ul>\n<p>&nbsp;<\/p>\n<p style=\"text-align: center;\">[soliloquy id=&#8221;2774&#8243;]<\/p>\n<p>&nbsp;<\/p>\n<p>&nbsp;<\/p>\n","protected":false},"excerpt":{"rendered":"<p>Tavernes t\u00e9 festes assenyalades durant tot l&#8217;any. En esta secci\u00f3 trobareu tota la informaci\u00f3 detallada, com ara: &nbsp; Gener\/Nadal. Gener\/Sant Antoni Abat. Mar\u00e7\/Dia de la Valldigna. Mar\u00e7\/falles. Abril\/Setmana Santa. Maig\/1 de maig. Juny\/Sant Joan. Juliol\/porrat de la Sang. Agost\/porrat de Sant Lloren\u00e7. Setembre\/festes majors. Octubre\/9 d&#8217;octubre. Desembre\/Nadal.\u00a0 &nbsp; [soliloquy id=&#8221;2774&#8243;] &nbsp; &nbsp;<\/p>\n","protected":false},"author":1,"featured_media":0,"parent":0,"menu_order":0,"comment_status":"closed","ping_status":"closed","template":"","meta":{"_acf_changed":false,"footnotes":""},"class_list":["post-191","page","type-page","status-publish","hentry"],"acf":[],"_links":{"self":[{"href":"https:\/\/www.visitatavernes.es\/ca\/wp-json\/wp\/v2\/pages\/191","targetHints":{"allow":["GET"]}}],"collection":[{"href":"https:\/\/www.visitatavernes.es\/ca\/wp-json\/wp\/v2\/pages"}],"about":[{"href":"https:\/\/www.visitatavernes.es\/ca\/wp-json\/wp\/v2\/types\/page"}],"author":[{"embeddable":true,"href":"https:\/\/www.visitatavernes.es\/ca\/wp-json\/wp\/v2\/users\/1"}],"replies":[{"embeddable":true,"href":"https:\/\/www.visitatavernes.es\/ca\/wp-json\/wp\/v2\/comments?post=191"}],"version-history":[{"count":11,"href":"https:\/\/www.visitatavernes.es\/ca\/wp-json\/wp\/v2\/pages\/191\/revisions"}],"predecessor-version":[{"id":4323,"href":"https:\/\/www.visitatavernes.es\/ca\/wp-json\/wp\/v2\/pages\/191\/revisions\/4323"}],"wp:attachment":[{"href":"https:\/\/www.visitatavernes.es\/ca\/wp-json\/wp\/v2\/media?parent=191"}],"curies":[{"name":"wp","href":"https:\/\/api.w.org\/{rel}","templated":true}]}}

<h5 style="text-align: justify;"><span style="color: #000000;">Tavernes té festes assenyalades durant tot l&#8217;any. En esta secció trobareu tota la informació detallada, com ara:</span></h5>
<p>&nbsp;</p>
<ul>
<li style="text-align: justify;">
<h5><span style="color: #000000;">Gener/Nadal.</span></h5>
</li>
<li style="text-align: justify;">
<h5><span style="color: #000000;">Gener/Sant Antoni Abat.</span></h5>
</li>
<li style="text-align: justify;">
<h5><span style="color: #000000;">Març/Dia de la Valldigna.</span></h5>
</li>
<li style="text-align: justify;">
<h5><span style="color: #000000;">Març/falles.</span></h5>
</li>
<li style="text-align: justify;">
<h5><span style="color: #000000;">Abril/Setmana Santa.</span></h5>
</li>
<li style="text-align: justify;">
<h5><span style="color: #000000;">Maig/1 de maig.</span></h5>
</li>
<li style="text-align: justify;">
<h5><span style="color: #000000;">Juny/Sant Joan.</span></h5>
</li>
<li style="text-align: justify;">
<h5><span style="color: #000000;">Juliol/porrat de la Sang.</span></h5>
</li>
<li style="text-align: justify;">
<h5><span style="color: #000000;">Agost/porrat de Sant Llorenç.</span></h5>
</li>
<li style="text-align: justify;">
<h5><span style="color: #000000;">Setembre/festes majors.</span></h5>
</li>
<li style="text-align: justify;">
<h5><span style="color: #000000;">Octubre/9 d&#8217;octubre.</span></h5>
</li>
<li style="text-align: justify;">
<h5><span style="color: #000000;">Desembre/Nadal.  </span></h5>
</li>
</ul>
<p>&nbsp;</p>
<p style="text-align: center;">[soliloquy id=&#8221;2774&#8243;]</p>
<p>&nbsp;</p>
<p>&nbsp;</p>

<p>Tavernes té festes assenyalades durant tot l&#8217;any. En esta secció trobareu tota la informació detallada, com ara: &nbsp; Gener/Nadal. Gener/Sant Antoni Abat. Març/Dia de la Valldigna. Març/falles. Abril/Setmana Santa. Maig/1 de maig. Juny/Sant Joan. Juliol/porrat de la Sang. Agost/porrat de Sant Llorenç. Setembre/festes majors. Octubre/9 d&#8217;octubre. Desembre/Nadal.  &nbsp; [soliloquy id=&#8221;2774&#8243;] &nbsp; &nbsp;</p>
